m, 2*y = -3*y + m + 398. Let c = y - 76. Let b be (c - (-22)/(-6))*-264. Calculate the highest common divisor of b and 11.
11
Suppose -46*s - 7713 = -47963. Calculate the greatest common factor of s and 49.
7
Suppose -5 = -3*b + 7. Suppose b + 1316 = 6*j. Suppose 3*f - j = 4*u, 0*f + 2*u = -4*f + 286. Calculate the greatest common factor of f and 4.
4
Suppose -12*z = -5*z - 42. Let m be (-6)/(z/(-215))*(-7)/(-5). Calculate the highest common factor of 7 and m.
7
Let s = -1 - 1. Suppose 0 = -1153*c + 1159*c - 228. Let q = c - s. What is the highest common factor of q and 16?
8
Let a be ((-1)/2)/(40/(-126080)). Calculate the greatest common divisor of a and 16.
8
Let r be (3 + 6)*(0 - -1). Suppose -10*v + 225 = -r*v. Let g = v + -65. What is the greatest common factor of g and 64?
32
Suppose 39 - 9 = 6*w. Suppose -10*c + w*c = 215. Let v = 67 + c. What is the greatest common divisor of 4 and v?
4
Suppose 0 = 5*d - 253 + 23. Let u be ((-84)/49)/(13270/(-83720) + 6/39). What is the highest common factor of u and d?
46
Let y be -301*(7 + -2*(-51)/(-14)). What is the highest common factor of y and 4042?
86
Suppose -j - 3*i = -3235, -16*j + 11*j + 3*i + 16247 = 0. Calculate the greatest common factor of 51 and j.
17
Let z(x) = x**3 + 6*x**2 - 26*x - 53. Let o be z(-8). Calculate the highest common factor of o and 7911.
27
Let n(c) = -23*c**3 - c. Let g be n(-1). Suppose 216*u + 6006 = 370*u. Calculate the highest common factor of u and g.
3
Let v = -153 - -161. Suppose -9*u + v*u - 285 = -4*n, n - u = 75. What is the highest common factor of 50 and n?
10
Let b = -5311 - -5607. What is the greatest common divisor of 851 and b?
37
Suppose 0 = -0*m - 7*m + 14. Suppose 4*z = -m*w - 44, -122 = 5*w + z - 21. Let t be (40/25)/((-4)/w). Calculate the highest common factor of 1 and t.
1
Let j = -9710 - -10466. Calculate the greatest common divisor of j and 1008.
252
Let l(b) = 88*b - 25. Let c be l(1). Suppose c = 13*z - 145. Calculate the highest common divisor of z and 10.
2
Suppose 0 = -437*f + 446*f - 540. Suppose 0 = -f*n + 48*n + 384. What is the greatest common divisor of n and 48?
16
Let b be (2/(-6))/((-16)/(-96)). Let w be 0 + b - (1 - 23). Suppose 4*z = -4*n + 24 + 52, -5*n - w = 0. What is the greatest common divisor of z and 115?
23
Let u = 137 + -62. Let j = 117 - u. What is the highest common divisor of j and 6?
6
Let w(s) = s**2 + 15*s + 58. Let r(p) = -p**2 - 6*p - 10. Let g be r(-5). Let y be w(g). What is the highest common divisor of 40 and y?
8
Let w(q) = q**2 + 6*q + 20. Let b be w(-5). Let j(l) = -l**3 + 19*l**2 - 40*l - 15. Let r be j(b). What is the highest common factor of 15 and r?
15
Suppose -110 = -g + z, -48*z = 2*g - 44*z - 190. What is the greatest common divisor of 120 and g?
15
Let o be (21296/(-396))/((-4)/18). What is the greatest common factor of o and 44?
22
Let k(w) be the second derivative of w**4/12 - 2*w**3/3 - w**2/2 + 3*w + 1. Let n be k(-2). What is the highest common divisor of 99 and n?
11
Let x(g) = -202*g - 1148. Let c be x(-6). Suppose -536 = -8*r + 360. Calculate the greatest common factor of c and r.
16
Let t(x) = x**3 + 5*x**2 - 13*x + 9. Let m be t(-7). Suppose -f - 1 = j - 3, -5*j + m*f = -17. Calculate the greatest common divisor of 3 and j.
3
Let k(t) = t**3 + 21*t**2 + 6. Let j be k(-21). Suppose j*i = c + i - 47, 4*c - 100 = -2*i. What is the greatest common factor of 351 and c?
27
Suppose 2*p - 5*v = 79 + 39, -236 = -4*p - v. Suppose -57*n + 1012 = -80*n. Let s = n + p. Calculate the highest common factor of 75 and s.
15
Suppose 7*g - 11*g - 3*n - 4 = 0, 5*n = 3*g - 26. Suppose 0 = -3*s + 3*t + 84, -g*t - 17 = s - 33. Calculate the greatest common divisor of s and 48.
24
Let a be (7/(-2) - -1)/((-48)/(-768)). Let l be ((-352)/a)/11*15. What is the highest common factor of 34 and l?
2
Let x be (-15)/20*(-192)/36. Suppose t - 2*n - 202 = 0, 5*t - 2*n = 562 + 488. What is the greatest common divisor of x and t?
4
Let t(h) = 197*h**2 + 46*h - 45. Let v be t(1). What is the highest common factor of 1936 and v?
22
Let m(d) = d**2 - 57*d + 355. Let b be m(64). Calculate the greatest common divisor of b and 33.
11
Suppose -z = 45 - 45. Suppose z = -4*t + 5*k + 821, -2*k + 407 = 2*t - k. Suppose 4*g - 78 = -10. Calculate the highest common divisor of t and g.
17
Let z be 280/(-2)*(-19)/(-152)*-8. What is the highest common factor of z and 1015?
35
Suppose -3*q = j - 70, 4*j - 200 = -9*q + 13*q. Calculate the greatest common factor of 125 and j.
5
Let f be (-267444)/(-1863) + (-8)/(-18). What is the greatest common divisor of 510 and f?
6
Suppose 52*m = 119*m - 16549. What is the highest common factor of 208 and m?
13
Suppose 24 = 2*z - 2*x, -4*z - 25 + 100 = 5*x. Calculate the highest common factor of z and 535.
5
Let k(w) = 2*w + 14. Let n be k(-6). Suppose 5 + 51 = -7*a. Let g be (294/(-24) - n/a)*-1. Calculate the greatest common divisor of g and 4.
4
Let q be (6699/154)/((-4)/(-8)). What is the highest common factor of q and 3973?
29
Suppose 3*t - 1 = 2*k, -2*k = 12*t - 9*t - 17. Suppose 0 = -p + t*c + c + 64, -2*c = -3*p + 162. What is the greatest common divisor of 65 and p?
13
Suppose 0 = 1536*l - 1541*l - 30. Let j be 70/l*315/(-7). Calculate the highest common divisor of j and 21.
21
Suppose 0 = -0*v + 4*v - 1376. Let k be (6/63*-9)/(1/(-7)). Suppose 5*c = 3*a - 139, a + 3*c - 31 - k = 0. Calculate the highest common factor of a and v.
43
Let n = -8 - -10. Let z(f) = 18*f - 3. Let h be z(n). Suppose 5*r = -2*r + 77. What is the greatest common factor of r and h?
11
Suppose -9*z = -5*z + 5*t - 714, -2*t + 12 = 0. Calculate the greatest common divisor of 1767 and z.
57
Let b be (918/(4 - -5))/(2 - 0). Let s = b - 45. Calculate the greatest common factor of 24 and s.
6
Let s be (((-8)/(-6))/(-2))/((-152)/24396). Calculate the highest common factor of s and 7811.
107
Let g be -86*(52/65 + -6 - 1/(-5)). What is the highest common factor of 300 and g?
10
Suppose 21 = -b - b - 3*o, -9 = -3*o. Let u be ((-9)/b)/(6/90). Calculate the highest common divisor of 15 and u.
3
Let d(t) = t**3 - 28*t**2 - 27*t - 3. Let n be d(29). Let z = n + 141. Calculate the greatest common divisor of z and 112.
28
Let w be (2/4)/(3/(-354)). Let v(a) = -a - 22. Let s be v(-21). Let j be s/2*(-7 + w). Calculate the greatest common factor of 22 and j.
11
Let j = -180 - -169. Let g be (-2)/j + 64/11. What is the highest common divisor of 21 and g?
3
Let n = 37 + -35. Let d be 24*((-8)/6 + 3). Suppose 4*t + 4*b - 68 = d, -n*b = 4*t - 106. What is the greatest common factor of 39 and t?
13
Let g(k) = 9*k**2 + 75*k + 398. Let q be g(-6). Calculate the greatest common factor of q and 238.
34
Let k(c) = -c + 1. Let p be k(-6). Suppose -516*a + 125*a = -391. What is the greatest common divisor of a and p?
1
Let l(s) = -9*s**2 - 117*s - 6. Let d be l(-5). What is the greatest common divisor of d and 2006?
118
Let a = -121 - -173. Suppose -812*w = -26065 - 269503. What is the highest common factor of a and w?
52
Suppose 4*l - 513 = 2*t - 29, 4 = -2*t. Let y be (-2)/3 - (26 + (-2500)/60). What is the highest common factor of l and y?
15
Let z(x) = 203*x + 9348. Let m be z(-44). Calculate the greatest common factor of m and 2990.
26
Suppose s = 4*a - 11962, -119*s + 14972 = 5*a - 117*s. Calculate the greatest common divisor of a and 66.
22
Let h be 114/741 - (-1 + (-2882)/26). Let q = 728 + -476. Calculate the greatest common divisor of q and h.
28
Let o be (-5 - (-166)/(-4))*-2. Suppose 2*j = -5*b + 104, -70 = -j + 4*b - 2*b. What is the highest common divisor of j and o?
31
Let n be 1/(-3 - 1/((-104)/313)). Suppose 3*r - 176 = -4*u + r, 5*r - n = -2*u. What is the highest common factor of 12 and u?
6
Suppose 115 = 30*i - 25*i. Suppose -4*k + i = -25. What is the highest common divisor of k and 28?
4
Suppose 0 = 18*i - 15*i - 102. Let p = i - -42. What is the highest common divisor of 19 and p?
19
Suppose -6*v - 40 = 2. Let a(y) = -y - 2. Let q be a(v). Suppose -5*f - 5*l = -180, 2*l - 177 = -q*f - 2*l. Calculate the greatest common divisor of f and 22.
11
Let a be (-16)/112*-2 - ((-1384)/(-14))/(-4). What is the greatest common divisor of 400 and a?
25
Suppose 2364*d - 2381*d + 187 = 0. Calculate the greatest common factor of 10351 and